506649?
1
What is the hundreds digit of 1332338?
3
What is the units digit of 10897332?
2
What is the tens digit of 3581034?
3
What is the hundred thousands digit of 1110222?
1
What is the thousands digit of 175059?
5
What is the thousands digit of 35012?
5
What is the ten thousands digit of 1065693?
6
What is the units digit of 467770?
0
What is the ten thousands digit of 326569?
2
What is the tens digit of 121358?
5
What is the thousands digit of 10815136?
5
What is the hundreds digit of 672711?
7
What is the units digit of 96036?
6
What is the hundreds digit of 301345?
3
What is the thousands digit of 283974?
3
What is the hundred thousands digit of 4405214?
4
What is the tens digit of 223811?
1
What is the ten thousands digit of 8728191?
2
What is the millions digit of 4084616?
4
What is the units digit of 11648372?
2
What is the thousands digit of 1936912?
6
What is the millions digit of 1028482?
1
What is the ten thousands digit of 337578?
3
What is the millions digit of 44719598?
4
What is the units digit of 561940?
0
What is the hundred thousands digit of 11932643?
9
What is the tens digit of 328908?
0
What is the ten thousands digit of 384177?
8
What is the units digit of 322382?
2
What is the thousands digit of 2430727?
0
What is the hundreds digit of 885427?
4
What is the ten millions digit of 22416889?
2
What is the hundreds digit of 37743?
7
What is the ten thousands digit of 816786?
1
What is the ten thousands digit of 4818419?
1
What is the millions digit of 13037263?
3
What is the ten thousands digit of 1435355?
3
What is the hundreds digit of 4203666?
6
What is the hundreds digit of 4421912?
9
What is the thousands digit of 265929?
5
What is the ten thousands digit of 212970?
1
What is the units digit of 3027191?
1
What is the thousands digit of 5580834?
0
What is the hundreds digit of 274590?
5
What is the ten millions digit of 21818827?
2
What is the hundreds digit of 2471287?
2
What is the hundreds digit of 169345?
3
What is the ten thousands digit of 351401?
5
What is the tens digit of 5510460?
6
What is the hundred thousands digit of 247473?
2
What is the ten millions digit of 30772488?
3
What is the ten thousands digit of 16904952?
0
What is the millions digit of 1907365?
1
What is the millions digit of 1205053?
1
What is the units digit of 4448984?
4
What is the ten millions digit of 11848537?
1
What is the units digit of 71920?
0
What is the units digit of 7081660?
0
What is the hundred thousands digit of 8330087?
3
What is the hundred thousands digit of 679841?
6
What is the millions digit of 3347246?
3
What is the tens digit of 484435?
3
What is the tens digit of 4517496?
9
What is the millions digit of 1526298?
1
What is the tens digit of 26919?
1
What is the hundreds digit of 709917?
9
What is the hundred thousands digit of 128904?
1
What is the tens digit of 431594?
9
What is the ten thousands digit of 747930?
4
What is the hundred thousands digit of 492583?
4
What is the ten thousands digit of 3568800?
6
What is the ten thousands digit of 371890?
7
What is the tens digit of 9494593?
9
What is the millions digit of 5919931?
5
What is the units digit of 1749692?
2
What is the units digit of 2244323?
3
What is the ten thousands digit of 9935683?
3
What is the tens digit of 1316476?
7
What is the thousands digit of 76408?
6
What is the units digit of 7517409?
9
What is the tens digit of 999929?
2
What is the units digit of 3070652?
2
What is the ten thousands digit of 455090?
5
What is the thousands digit of 601573?
1
What is the thousands digit of 389091?
9
What is the thousands digit of 3782869?
2
What is the ten thousands digit of 430238?
3
What is the hundred thousands digit of 425568?
4
What is the hundred thousands digit of 542298?
5
What is the tens digit of 61222?
2
What is the units digit of 96659?
9
What is the tens digit of 95280?
8
What is the millions digit of 24738413?
4
What is the tens digit of 908898?
9
What is the tens digit of 564156?
5
What is the hundred thousands digit of 16158721?
1
What is the thousands digit of 10213364?
3
What is the tens digit of 80716?
1
What is the units digit of 738066?
6
What is the tens digit of 2140792?
9
What is the units digit of 4572642?
2
What is the thousands digit of 982494?
2
What is the thousands digit of 5105228?
5
What is the tens digit of 13504145?
4
What is the thousands digit of 560009?
0
What is the tens digit of 130424?
2
What is the units digit of 3268970?
0
What is the ten thousands digit of 1408373?
0
What is the hundred thousands digit of 535536?
5
What is the tens digit of 2052092?
9
What is the hundred thousands digit of 31663875?
6
What is the hundred thousands digit of 117898?
1
What is the tens digit of 202094?
9
What is the tens digit of 117458?
5
What is the millions digit of 1331906?
1
What is the units digit of 269282?
2
What is the hundreds digit of 66278?
2
What is the thousands digit of 12227527?
7
What is the units digit of 892232?
2
What is the units digit of 198701?
1
What is the ten thousands digit of 8217796?
1
What is the units digit of 5037037?
7
What is the thousands digit of 2834632?
4
What is the ten thousands digit of 5836158?
3
What is the ten thousands digit of 132347?
3
What is the ten thousands digit of 991766?
9
What is the hundred thousands digit of 578618?
5
What is the tens digit of 5425579?
7
What is the tens digit of 3718971?
7
What is the thousands digit of 1740696?
0
What is the units digit of 516191?
1
What is the hundred thousands digit of 556931?
5
What is the hundred thousands digit of 312901?
3
What is the hundreds digit of 2330651?
6
What is the hundred thousands digit of 2649293?
6
What is the tens digit of 730628?
2
What is the tens digit of 509971?
7
What is the tens digit of 2967331?
3
What is the ten thousands digit of 5328614?
2
What is the hundred thousands digit of 157295?
1
What is the ten thousands digit of 619966?
1
What is the units digit of 21138?
8
What is the hundred thousands digit of 2356814?
3
What is the thousands digit of 458621?
8
What is the hundreds digit of 2056164?
1
What is the millions digit of 1623415?
1
What is the thousands digit of 15486039?
6
What is the thousands digit of 32202750?
2
What is the tens digit of 809764?
6
What is the hundreds digit of 1584385?
3
What is the ten thousands digit of 310936?
1
What is the units digit of 13099953?
3
What is the thousands digit of 89639?
9
What is the hundreds digit of 5444702?
7
What is the thousands digit of 1940324?
0
What is the hundred thousands digit of 13162384?
1
What is the tens digit of 19443732?
3
What is the ten thousands digit of 21825?
2
What is the thousands digit of 4086978?
6
What is the thousands digit of 47717?
7
What is the hundred thousands digit of 132558?
1
What is the units digit of 81372?
2
What is the hundreds digit of 7924718?
7
What is the thousands digit of 762781?
2
What is the ten thousands digit of 133762?
3
What is the units digit of 16688318?
8
What is the units digit of 1763198?
8
What is the hundred thousands digit of 4610828?
6
What is the thousands digit of 17768426?
8
What is the millions digit of 2708017?
2
What is the thousands digit of 184171?
4
What is the units digit of 215927?
7
What is the tens digit of 3812161?
6
What is the thousands digit of 671719?
1
What is the ten thousands digit of 18989897?
8
What is the units digit of 252205?
5
What is the thousands digit of 878641?
8
What is the hundred thousands digit of 223992?
2
What is the units digit of 23516?
6
What is the tens digit of 99911?
1
What is the thousands digit of 1874081?
4
What is the tens digit of 87682?
8
What is the ten thousands digit of 74938?
7
What is the millions digit of 2970645?
2
What is the ten thousands digit of 5321649?
2
What is the units digit of 3715208?
8
What is the tens digit of 54420?
2
What is the hundreds digit of 30928158?
1
What is the tens digit of 267636?
3
What is the thousands digit of 207082?
7
What is the tens digit of 15403730?
3
What is the units digit of 247055?
5
What is the units digit of 2763126?
6
What is the units digit of 531574?
4
What is the tens digit of 166576?
7
What is the ten thousands digit of 719960?
1
What is the tens digit of 2282490?
9
What is the hundreds digit of 2755?
